alculate the greatest common factor of 55 and p.
5
Let i(p) be the third derivative of -p**4/4 + p**3/3 + 2*p**2. Let f be i(-4). Let d = 178 + -113. What is the greatest common factor of f and d?
13
Suppose -4*t = -t - 162. Suppose -z = -n - 178, -4*z + 2*n + 706 = -0*z. Suppose -z = -4*p - 31. Calculate the greatest common divisor of p and t.
18
Let l(c) = c**3 + c**2 - c + 68. Let v be l(0). Let p = -9662 - -9713. What is the greatest common divisor of p and v?
17
Let p(u) = 31*u + 1532. Let r be p(-12). What is the highest common factor of 4176 and r?
232
Suppose t = -r - 4*r + 10, 4*t + 5*r - 55 = 0. Suppose -18*d = -t*d - 1914. What is the greatest common divisor of 22 and d?
22
Let k be ((-2)/4)/((-3)/30). Let h(n) = 3*n**3 - 201*n**2 - 197*n - 341. Let i be h(68). Calculate the greatest common divisor of i and k.
5
Suppose 0 = 2*h + 111 - 117. Let o be 8 - (-6 + h) - (-6 - -11). What is the highest common divisor of o and 27?
3
Let j be 350 + ((-18)/4 - (-2679)/282). Calculate the greatest common divisor of j and 15.
5
Let x be (1952/(-366))/((-2)/33). Let r(i) = -3*i - 1. Let s be r(-3). Let t be (3 - s/(-4))*44. Calculate the highest common divisor of x and t.
44
Suppose 8*v - 868 = -660. Suppose 3*q + 1 = -5*d + v, -5*q = -5*d + 25. Calculate the greatest common factor of d and 65.
5
Let u = -1310 + 1328. Calculate the greatest common factor of 744 and u.
6
Suppose -5*c + 35 = 5*p, 0 = -2*p + 5*p + c - 15. Let a be (26/(-4))/(p/(-8)). Let x = 9004 + -8861. What is the greatest common factor of x and a?
13
Let m be 1 - (4 - 10 - -2). Suppose 0 + m = t. Suppose -41 = z - 56. Calculate the highest common divisor of z and t.
5
Suppose 33*q + 15*q - 138012 = -36*q. Calculate the greatest common factor of q and 248.
31
Let o(d) = 62*d**2 + 18*d - 24. Let a be o(2). Calculate the greatest common divisor of a and 2275.
65
Let p(n) = -775*n. Let c be p(-1). Let u = 5241 + -5216. What is the greatest common divisor of u and c?
25
Let i(y) = 11*y**2 + 87*y - 77. Let g be i(8). Calculate the greatest common divisor of 490 and g.
49
Suppose 0 = 4*d - 2*t - 6, -5*t + 6 = 4*d - 7. Suppose 2*s - 25*r - 162 = -22*r, 0 = -d*s - 5*r + 130. What is the greatest common factor of 225 and s?
75
Suppose 18*o - 273 = 5*o. Suppose -o*y + 24*y = 5*i - 488, 92 = i - 2*y. Calculate the greatest common factor of 320 and i.
20
Suppose 0 = u - 10 + 11. Let v be -2 + (1 - u)*37. Suppose 6*r - 14*r + 72 = 0. Calculate the highest common divisor of r and v.
9
Let p be (-2 + (3 - 2))*1. Let m(g) = -3*g**2 + 9*g + 9. Let q be m(5). Let v be ((-7)/q)/(p/(-6)). What is the highest common factor of 2 and v?
2
Let z = -246 - -232. Let m be ((-384)/z)/(-7*12/(-882)). Calculate the highest common factor of 32 and m.
32
Let m(w) = 113*w**3 - 2*w**2 - 14*w + 28. Let k be m(2). Calculate the highest common divisor of 320 and k.
64
Let c(i) = 3*i**3 + 16*i**2 + 14*i. Let p = -98 - -86. Let g be c(p). Let z be (-1)/(-3)*-2 + g/(-36). What is the greatest common divisor of z and 56?
28
Let p = 125 + -53. Let v be (-1 - (-4)/3) + 2012/12. What is the highest common factor of v and p?
24
Let y(x) = 6*x**2 + 167*x + 148. Let g be y(-27). Calculate the highest common divisor of 3341 and g.
13
Let c = -5110 - -5166. What is the highest common divisor of 176 and c?
8
Suppose 514*d + 53*d + 96*d = 4641. Let p = -56 - -147. What is the highest common factor of p and d?
7
Let s(p) = -107*p + 660. Let u be s(6). Calculate the greatest common factor of u and 306.
18
Let s = -128 + 90. Let v = s - -35. Let w be (64/(-12) - -4)*v. Calculate the greatest common factor of 10 and w.
2
Suppose -2*w = -2*a + 66, -470*a + 469*a + 37 = -2*w. What is the highest common factor of 841 and a?
29
Let v be 3130/46 + (-2)/46. Calculate the highest common factor of 12274 and v.
34
Suppose -4*y - 9 = -7*y. Suppose y*a - 5*j = -0*j + 380, 3*a - 340 = -5*j. Let b = -137 - -167. Calculate the highest common divisor of a and b.
30
Let f = 991 - 988. What is the highest common factor of 258 and f?
3
Let d(o) = 30*o - 237. Let u be d(8). Suppose 336 = 2*c + 5*t, -2*c + 7*t - u*t = -336. What is the greatest common divisor of 72 and c?
24
Suppose 0 = -4*h + 66 - 374. Let w be ((-2)/(-3))/(2/(-138)). Let m = w - h. What is the highest common divisor of 341 and m?
31
Let t be (127/4)/(2/8). Let d = -10640 - -10527. Let x = t + d. What is the greatest common divisor of 14 and x?
14
Suppose 8 = 10*f - 12. Suppose -i + k + 6 = f*k, 0 = 3*k + 15. What is the greatest common divisor of 44 and i?
11
Suppose -156*q + 23782 = -179*q. Let f = q + 1055. Calculate the highest common divisor of 91 and f.
7
Let k(z) = -2*z**3 - 3 + 4*z - 2 + 3*z**3 - 4*z**2. Let a be k(6). Let h = 1011 + -998. Calculate the highest common divisor of a and h.
13
Let v = 314 + -199. Suppose 0 = 3*s + 2*n - 7, -n - 2*n = 2*s + 2. Calculate the highest common divisor of v and s.
5
Let s be ((-462)/(-24) - 2)*(-64)/(-48). Calculate the greatest common divisor of 2484 and s.
23
Suppose 300 = -3*r + 9*r. Let s = r + -46. Suppose 4*l - s*v - 112 = 0, 0*v - 4*v = 3*l - 63. What is the highest common divisor of 100 and l?
25
Let n be 132 - ((-38)/12 + (-14)/(-84)). What is the highest common divisor of n and 1095?
15
Suppose -5248*h = -4678*h - 123690. Let o be (-61)/(-3) + (-4)/(-6). What is the greatest common factor of h and o?
7
Let l be 286 + (30/35 - 6/7). Calculate the greatest common divisor of l and 338.
26
Let u(h) = -13*h**3 + 2*h**2 - 8*h - 2. Let f be u(-2). What is the highest common factor of f and 2070?
18
Let j = 3230 + -3222. What is the greatest common divisor of j and 932?
4
Let q = 8078 - 5542. What is the highest common factor of 8 and q?
8
Let x be 7*(-6 + ((-52050)/(-70) - -13)). What is the greatest common divisor of 852 and x?
142
Let b = 9163 - 9107. Suppose -2*p + 2 = -4, -4*p = 5*x - 157. Let h = x - 21. What is the greatest common factor of h and b?
8
Let t = -8 - -32. Let m(c) = -c**3 + 23*c**2 - 21*c - 98. Let w be m(21). Let v = w - 340. What is the highest common factor of t and v?
3
Suppose -5*a + 21 = -4*s + 207, -100 = -2*s - a. Suppose s*k = 56*k - 308. Let v = k + -38. Calculate the greatest common divisor of 12 and v.
6
Suppose 0 = -16*b - 152*b + 300384. Calculate the highest common factor of b and 1043.
149
Suppose 0 = 5*x - 4*t - 1868, 0 = -5*x + 46*t - 47*t + 1833. Calculate the highest common factor of x and 13432.
184
Let s(p) = -21*p - 100. Let g be s(-5). Let o be 12/((-43)/156 - g/(-15)). What is the greatest common divisor of o and 32?
16
Suppose -1274 = 90*t - 1454. What is the greatest common factor of 2 and t?
2
Let v be ((-36)/(-30))/(42/(-30)) - 249/(-21). What is the greatest common divisor of 869 and v?
11
Let d(z) = -55*z**3 - 16*z**2 - 120*z - 89. Let t be d(-6). What is the greatest common divisor of t and 70?
35
Let n(v) = 10 - 4*v - 1 - 5*v - v**2. Let l be n(-7). Let o(m) = -796*m - 1431. Let t be o(-2). Calculate the highest common divisor of l and t.
23
Let j be 2*2/(-8)*(23 + -51). Suppose 0 = -j*o + 1004 - 26246. Let q be o/(-30) + (-2)/20. Calculate the highest common factor of q and 12.
12
Let g be (-10)/4*6/(-5). Suppose -4*k + 101 = g*b, -b - 2*b = -4*k + 83. Suppose 13*a - 230 = 11*a. What is the greatest common divisor of k and a?
23
Suppose 331 = p - 5*b, 3*p + b - 450 = 639. What is the highest common divisor of 1 and p?
1
Suppose 2186 = 3*p + 36*p + 1228 - 1850. Let i = -29 + 53. Calculate the highest common factor of p and i.
24
Suppose -7*y + 300 + 218 = 0. Let o = y + -68. Suppose 0 = -o*q + 36. Calculate the highest common divisor of q and 54.
6
Let z = 3193 - 344. Calculate the greatest common divisor of 35 and z.
7
Let k = -43818 + 44322. Let y = -16 + 72. Calculate the greatest common divisor of k and y.
56
Let g(q) = -q**2 + 9*q + 30. Let c be g(10). Let v = 37 - 22. Suppose 16*p = 15*p + v. Calculate the highest common divisor of c and p.
5
Suppose 0 = 5*l - 19*l + 5080 + 1192. Calculate the greatest common factor of l and 768.
64
Let v(s) = -s**3 - 5*s**2 - s + 8. Let g be v(-5). Suppose 10 = 8*n - g*n. Let z be n/4 - 506/4*-1. Calculate the greatest common factor of 14 and z.
14
Let n(t) = -t**3 + 3*t**2 - 165*t - 515. Let y be n(-3). Calculate the greatest common di